 prime factors of x.
2, 5
Let w = 5 - -3. What are the prime factors of w?
2
Let w(c) = -c + 7. Let s be w(4). Suppose -s*r + r = -32. List the prime factors of r.
2
Let x be 1*(-2 + 3)*-9. What are the prime factors of 2/x + (-114)/(-27)?
2
Let q be 12/8 - 30/4. Let j be (q/4)/((-1)/12). Let h = -11 + j. List the prime factors of h.
7
Suppose 7*k - 25 = 2*k, -3*k - 150 = -5*x. List the prime factors of x.
3, 11
Let t = -6 - -4. Let c = -2 - t. Let w(s) = -s**2 + 4. What are the prime factors of w(c)?
2
Let a = 79 - 52. Suppose -5*x = -3*x - 5*i - a, -10 = -2*i. What are the prime factors of x?
2, 13
List the prime factors of (-1 - (-1 - -1)) + 54.
53
Suppose -4 = 2*o + 2. Let y be 2/3 + (-7)/o. Suppose 0 = -y*w + 6, -66 + 27 = -5*i - 2*w. What are the prime factors of i?
7
Suppose 2*i + 326 = 5*d, -56 = -3*d + 5*i + 151. List the prime factors of d.
2
Let a be 4/6*-3 + 4. Suppose -2*z + 8 = 5*x - 8, 0 = a*z + x - 8. List the prime factors of z.
3
Suppose -3*l = -l. Suppose l = j - 4*j. Let k(o) = o**2 + o + 12. List the prime factors of k(j).
2, 3
Let g = -75 + 115. List the prime factors of g.
2, 5
Suppose -25 = 2*x + 2*b + 91, 0 = -4*b - 20. Let w = -17 - x. What are the prime factors of w?
2, 3
Suppose x - 28 = 3*t - 3*x, -t + 4*x = 20. List the prime factors of (2/t)/(1/(-20)).
2, 5
List the prime factors of (-5 - (-68)/12) + 22/3.
2
Let h(q) = q**3 - 2*q**2 - 4*q + 9. List the prime factors of h(4).
5
Suppose -12*u = -10*u - 302. List the prime factors of u.
151
Let l(x) be the second derivative of x**4/12 - 2*x**3/3 - 2*x. What are the prime factors of l(5)?
5
List the prime factors of 54/(-7)*(6 - 276/18).
2, 3
Let k(l) be the third derivative of 11*l**6/360 + l**4/24 - l**3/3 + l**2. Let n(d) be the first derivative of k(d). What are the prime factors of n(-1)?
2, 3
Let t(l) = -l**2 + l + 49. What are the prime factors of t(0)?
7
Let s = -114 - -177. List the prime factors of s.
3, 7
Let h = -145 - -275. List the prime factors of h.
2, 5, 13
Let d = 2 + 0. Suppose d*c - 24 = -c. Suppose -36 - c = -4*m. What are the prime factors of m?
11
What are the prime factors of 3/(3/29) + 0?
29
Let v = 9 - 4. Let q = 6 + v. List the prime factors of q.
11
Let h be 0 + 2 + 0 + 1. Let i = h + -7. Let x = i - -12. What are the prime factors of x?
2
Suppose -k - 4*u - 2 = -7, -5*u = 3*k - 1. List the prime factors of ((-24)/10)/(k/20).
2
Let q = -8 + 17. Suppose 3*z = q + 21. What are the prime factors of z?
2, 5
Let b be 2/(-6)*(-3 - 12). Let g = b - 4. What are the prime factors of -11*-2*g/2?
11
What are the prime factors of 1/(2*(-1)/(-82))?
41
Let l(o) = o**3 - 7*o**2 + 2*o - 10. Let b be l(7). What are the prime factors of (-26)/3*(-6)/b?
13
Suppose 6*j = 4*j + 3*h + 215, -5*h - 15 = 0. Let u = j + -49. Suppose 5*m - u = -14. List the prime factors of m.
2
Let s(g) = g**3 - 3*g**2 - 11*g - 8. List the prime factors of s(6).
2, 17
Suppose 3*d + 52 = 7. Let n = d - -28. List the prime factors of n.
13
Let u(t) be the first derivative of 7*t**2/2 - 10*t - 1. Let j be u(-8). List the prime factors of (-2)/3*j/4.
11
Suppose -3*w + 5*w - 16 = 0. Let d(g) = g**3 - 8*g**2 + 2*g - 8. Let v be d(w). Suppose 8 = 3*r + f - v, -4 = 3*r + 5*f. List the prime factors of r.
7
Let w be ((-8)/2 - -2) + 11. Let s = w + -6. Suppose -3*i = -5*g - 26, 0*g - 23 = -s*i + 2*g. List the prime factors of i.
7
Let y be (-1)/2 - (-15)/2. Suppose -4*s = -48 + 44. Let d = y - s. What are the prime factors of d?
2, 3
Suppose 3*s = 157 - 31. What are the prime factors of s?
2, 3, 7
Let c be (-2)/(-7) + (-2)/7. Suppose -2*f - f + 9 = c, m = -f - 1. What are the prime factors of (-2)/m*-3*-2?
3
Let w = 5 - -30. What are the prime factors of w?
5, 7
Let i(u) = -13*u - 6. List the prime factors of i(-10).
2, 31
Let c be 30*-3*(-4)/15. Suppose 5*y - 126 = c. List the prime factors of y.
2, 3, 5
Suppose -8*w = -4*w. Suppose 3*b + 93 = -w*b. Let r = 44 + b. What are the prime factors of r?
13
Let j be 4716/42 - (-2)/(-7). Let a = 169 - j. Suppose -3*z = -v - z + 19, -3*v + a = 4*z. List the prime factors of v.
19
Let f be ((-18)/8)/((-9)/24). List the prime factors of ((-4)/(-8))/(1/f).
3
What are the prime factors of 6/(-33) + 774/22?
5, 7
Let l(g) = -g - 10. Let o(z) = -z**3 - 5*z**2 - 6*z. Let u be o(-4). Let m be l(u). List the prime factors of 6/(-5)*60/m.
2
Let o be 5 + 0/1 + -3. Suppose 5*w + o*y - 310 = 0, 0 = 5*w + 5*y - 528 + 203. Suppose 15 = 5*a - w. List the prime factors of a.
3, 5
Let z be 24/14 - (-2)/7. Suppose -2 = -a - 3, z*d + 4*a = 12. What are the prime factors of d?
2
Let w = -39 + 59. List the prime factors of w.
2, 5
Let t = -5 + 9. Suppose -2*n = 2*d - 2, -2*d - 4*n + t = -0*d. Suppose d = -2*b + 3*b + p - 14, 0 = 4*b - 3*p - 56. List the prime factors of b.
2, 7
Suppose -4 = -2*z - 0*z. Suppose -10 = 3*a + z*r, -4*r + 1 + 3 = 0. Let x = 1 - a. What are the prime factors of x?
5
Let c be (37 - (-1 + 2)) + -3. Suppose 3*p + c = 2*t, 2*p + 6 = t - 11. List the prime factors of t.
3, 5
Let b = 3 + 9. What are the prime factors of b?
2, 3
Suppose 3 = -2*m + 15. List the prime factors of 98/m + (-6)/18.
2
Let g(l) = -2*l + 2. Let b be g(2). What are the prime factors of 114/12 - (-1)/b?
3
Let q = 2 - -3. List the prime factors of q.
5
Let d = -78 - -160. What are the prime factors of d?
2, 41
Let v(n) = -n**3 - n**2 - 2*n - 9. What are the prime factors of v(-4)?
47
Let d be (-7)/(-4) - (-1)/4. Suppose -c + 14 = -4*v, -7*c + 1 = -d*c + 3*v. What are the prime factors of c?
2
Let b(s) = s + 0*s**2 + 2 - 3*s**2 + 2*s**3 - 3 - 1. List the prime factors of b(2).
2
Let n be (-10)/(-2) + 1/1. Let h = n - -4. List the prime factors of h.
2, 5
Let j = -15 - -23. Let a(g) = -g + 19. Let q be a(j). Let k = 20 - q. List the prime factors of k.
3
Let m(j) be the second derivative of -j**5/20 - 2*j**4/3 + j**3/6 + 11*j**2/2 + 2*j. List the prime factors of m(-8).
3
Let n be (-249)/(-6) + 6/4. List the prime factors of (-1)/((1/n)/(-1)).
43
Let l = -1 + 6. Let z = 10 - l. What are the prime factors of z?
5
Suppose 0 = -3*k - 3 - 18. What are the prime factors of ((k - -2) + 2)*-11?
3, 11
Let h = 8 - 6. Suppose -4*t + t + 70 = 4*p, -84 = -5*p - h*t. What are the prime factors of p?
2
Suppose 3*c - 5*v - 195 = 289, 4*c - 636 = 2*v. List the prime factors of c.
2, 79
Let u(f) = -f. Let j be u(4). Let o = 7 + j. What are the prime factors of o?
3
Suppose 171 = 3*b - b + h, 3*b - 5*h - 263 = 0. What are the prime factors of b?
2, 43
Let b(y) = y**3 - 7*y**2 + 8*y + 3. List the prime factors of b(7).
59
Suppose -2*u + 3*u + 5 = 0, -4*r = -3*u - 67. Suppose 4*v = -3*p - 32 + 112, 5*v - 125 = -5*p. Let n = p - r. List the prime factors of n.
7
Let s be 435/33 - (-6)/(-33). Suppose 0 = -c + 2*k + 6 + s, -89 = -3*c - 2*k. List the prime factors of c.
3
Let i(s) be the second derivative of -s**3/6 + 4*s**2 + 2*s. Let u be i(6). Suppose 7*c - 50 = u*c. List the prime factors of c.
2, 5
Suppose c + 4*a = 45, -4*c = 7*a - 3*a - 180. List the prime factors of c.
3, 5
Let z = -30 - -42. List the prime factors of z.
2, 3
Let r be -3*(-4 - -3) - -2. Suppose 0 = 2*v + 4 - 54. Suppose r*b - v = 0, -h + b = -b. What are the prime factors of h?
2, 5
Let y = -22 + 23. Let w = 7 + 4. Let n = y + w. List the prime factors of n.
2, 3
Let z = 2 + -6. Let l(v) = v**2 + 4*v + 6. Let r be l(z). Suppose 56 = 4*o - 4*x, o - r*o + 2*x + 61 = 0. What are the prime factors of o?
11
Suppose -8*g + 7*g = -65. List the prime factors of g.
5, 13
Suppose -115 = -2*m - 13. What are the prime factors of m?
3, 17
What are the prime factors of 402/3 + 0 + -1 - 1?
2, 3, 11
Let q(o) be the first derivative of -o**5/60 + o**3/2 - o**2 - 2. Let w(n) be the second derivative of q(n). List the prime factors of w(0).
3
Let m(h) = -2. Let n(p) = 0 + 1 + 4 + p. Let l(x) = 8*m(x) + 3*n(x). What are the prime factors of l(1)?
2
Let s = -7 + 7. Let i = s - -2. What are the prime factors of i?
2
Suppose -7*f - 16 = -4*l - 2*f, 2*f - 20 = -5*l. Let p be l/10 + (-16)/(-10). List the prime factors of 22*(-3)/(-12)*p.
11
Suppose -2*v + 8 = 5*q - 76, 2*v = -q + 12. What are the prime factors of (-210)/(-13) + q/(-117)?
2
Suppose -9*w + 19 = -8. What are the prime factors of w?
3
Let q(g) = 2*g**3 - 4*g**2 + 2*g - 3. Suppose -5*f + 